g = -131 - -135. Suppose g*s - 2*s = 4886. Is s a composite number?
True
Suppose -9084 - 170051 = -11*m. Let w = -6630 + m. Is w a prime number?
False
Suppose -35*c - 7 = -34*c. Let f be c/(70/25)*(-12)/5. Let i(j) = 2*j**2 + 5*j - 5. Is i(f) a prime number?
True
Let n = 46 + 54655. Is n a prime number?
False
Let h = 26 + -61. Let o = h + 37. Is 0 - ((-6)/o - 160) prime?
True
Suppose -4*u = -8*u - 4*v + 57952, -3*v - 57994 = -4*u. Is u prime?
False
Let o be 6 + 0 - (-8492 + -19). Suppose -4*l = 12, -3789 = -3*k - l + o. Is k a prime number?
False
Let g(k) = 3221*k**3 + 2*k**2 - 58*k + 158. Is g(3) prime?
True
Let t(w) = 15*w + 1. Let h be t(1). Let g(v) = 41*v + 115. Is g(h) a composite number?
True
Suppose 0 = 23*o - 43*o + 1019660. Is o composite?
True
Let a = -899 - -1170. Suppose -p + 141 = -s, 4*p - p = 2*s + 426. Let u = a - p. Is u composite?
False
Let q(d) = -2*d - 25. Let t be q(-32). Suppose 5*l - 5050 = r, r + 2020 = 2*l - 0*r. Let x = l - t. Is x prime?
True
Suppose -3*u + 33 = -3*p - 0*p, -3*p = -2*u + 25. Suppose -i + 330 = 2*v, u*v - 831 = 3*v - i. Suppose 3*x - 111 = 2*z, -z = -4*x + v - 14. Is x a prime number?
False
Suppose 4*n + 4976 = 5*j - 7*j, 4*j + 4980 = -4*n. Let g = 1476 - n. Is g prime?
True
Let i(q) = -8*q**3 - 14*q**2 - 327*q + 8. Is i(-11) a composite number?
True
Let j = -761453 + 1317490. Is j composite?
False
Let i = -146 + 154. Is (158/i)/(11/44) a composite number?
False
Let r(n) = -244*n**3 - 25*n**2 + 12*n + 46. Is r(-6) prime?
False
Let k = -75 + 75. Suppose k*c = -4*f + c + 5439, -4088 = -3*f - c. Is f a composite number?
False
Let j(b) = 59481*b + 2395. Is j(4) prime?
True
Suppose 7*k - 4*k - 2880 = -3*q, 0 = -5*q - 2*k + 4809. Let x = q + 1848. Is x a composite number?
True
Let u(m) = -m - 10*m**2 - 3*m**3 - 5 + 0*m + 2*m**3. Let h(z) = 6*z + 103. Let y be h(-19). Is u(y) prime?
True
Let p(v) = 11605*v - 29. Is p(10) a composite number?
True
Suppose -3*q - 5*a + 394841 = -a, 3*q + 19*a - 394871 = 0. Is q prime?
True
Let a(m) = 517*m**3 + 11*m - 49. Is a(12) a prime number?
False
Let p(s) = -s - 1. Let g be p(-3). Suppose g*j = -4*t + 18, 0 = -j - j + 4*t - 6. Suppose j*k = 4*z - 3819, -3*z - k + 2868 = -4*k. Is z a composite number?
True
Let i(z) = -29115*z - 377. Is i(-6) a prime number?
False
Let g(o) = -o**3 - 4*o**2 - 12*o - 5. Let y(k) = -4*k**2 - 12*k - 5. Let a(d) = -2*g(d) + 3*y(d). Suppose -89*m - 241*m + 1980 = 0. Is a(m) prime?
True
Suppose -247 = 2*i + 165. Let u be (-1784)/(-6) - 1/3. Let m = u + i. Is m composite?
True
Let y(a) = 258*a**3 - a**2 - 3*a - 1. Suppose 4*u - 5*u = 3*s - 10, -s = 2*u - 5. Is y(s) composite?
False
Let o = 52869 - -43688. Is o composite?
False
Suppose -3641 = -11*g + 8910. Is g a prime number?
False
Let i(s) = 6*s + 119. Let h be i(-20). Is (31421 - (-14)/(-7))*h/(-3) prime?
False
Let m(k) = -9*k**3 - 4*k**2 - 3*k - 2. Let f be m(-2). Suppose 24 = 5*b - 971. Let d = f + b. Is d a composite number?
True
Suppose -5*c = -8*c - 12. Is (-199233)/(-117) - -6 - c/26 a prime number?
True
Let u = -32 + 31. Let w be 3 - ((-676)/39)/(u/(-5598)). Suppose 0*k = 15*k - w. Is k a composite number?
False
Let m(s) = 73 - 29*s - 28*s + 11*s**2 + 4*s. Is m(-32) prime?
True
Let m(p) = -5*p + 118. Let k be m(23). Suppose 0*t + 5*u + 9510 = 2*t, -k*t + 3*u = -14283. Is t a composite number?
True
Let q = 7 - 13. Let d be 3 + q/(3 + -1). Suppose d = 5*k - s - 2709, 2*k + 4*s - 1131 = -65. Is k a prime number?
True
Let z(l) = 20 + 250*l**2 + 8*l + 7*l - 7 - 29*l. Is z(1) a composite number?
True
Let s = 2117518 - 1090607. Is s composite?
False
Let a be 101 - 7/((-49)/(-28)). Let w = 0 + a. Is w a prime number?
True
Let h = 30228 - -81349. Is h a prime number?
True
Let c be (-3)/((-99)/(-6)) + 12/66. Suppose 4*w = 2*o + 9712, -5*o = w - c*o - 2406. Is w composite?
True
Let f(s) = 1 + 1 - 1252*s - 1 - 4. Let v be (-1 + 3)*(-27)/54. Is f(v) prime?
True
Let w(y) = 7*y - 2. Let l be -2 - (-10 + 1) - 2. Suppose 4*u + 3*b - 6 = l*b, 5*u + 5*b - 45 = 0. Is w(u) composite?
True
Is (-14 - -16453 - 0) + -9 + 3 composite?
False
Suppose -m = 2*q - 584333 + 108818, -4*q + 951040 = 4*m. Suppose 22*u - q = 15*u. Is u a prime number?
False
Suppose -15 = 4*z + 9. Is (1/(3/1973))/(z/(-18)) prime?
True
Suppose 30*h + 83*h - 21630778 = 4765005. Is h composite?
False
Let j = 13231 + -3450. Is j prime?
True
Let o(g) = 5*g - 26. Let u be o(6). Suppose -10*v = 5*a - 9*v - 28899, -2*a - u*v + 11574 = 0. Is a a prime number?
True
Let s be (-637)/(-117) - 8/18. Is (-34)/(s - (-3452)/(-692))*-1 composite?
True
Let r(n) = 2*n**2 - 9*n + 106243. Is r(0) a prime number?
True
Let q = 142 + 2. Suppose -2*n - q = -2*z + 58, 0 = 5*z + 5. Let y = n + 188. Is y prime?
False
Is (-5)/35*-7*173*-17*-1 prime?
False
Suppose o = -10*n + 239931, 40*o - 36*o + 3*n = 959909. Is o a prime number?
False
Suppose 5*h + 687005 = 2*l, 143 = -3*h + 134. Is l a prime number?
False
Let a(b) = 949*b**2 + 36*b - 301. Is a(12) a composite number?
True
Let i = -54148 + 259261. Is i a composite number?
True
Suppose -1315033 - 14179374 - 18189119 = -162*m. Is m a prime number?
True
Let l = 30 - 29. Let y(u) = 27*u**3 - 2*u**2 + 1. Let w be y(l). Suppose -4*d + 7 = h - 0*d, -w = -2*h - 5*d. Is h a composite number?
False
Suppose -2*o - 3*y + 11 = -6*y, 2*y - 37 = -5*o. Suppose -o*s + 210 = -273. Is (s/(-9))/(3/(-45)) composite?
True
Let y(n) be the first derivative of -181*n**2/2 - 15*n + 62. Is y(-22) a prime number?
True
Is 33/(-55) + (-1025148)/(-30) a composite number?
False
Is 1415*2533/85 + 11 a composite number?
True
Let p(c) = -1613*c + 1871. Is p(-16) composite?
True
Suppose 2*v = -x + 4*x + 73174, 2*x + 2*v + 48786 = 0. Is (-1 + 21/28)*x a composite number?
True
Suppose 5*y + 72 = 62. Is (17948 + -5)/((-6)/y) a composite number?
False
Suppose -57 = -19*o + 342. Suppose -o*p = -24*p + 6297. Is p composite?
False
Let h = -90499 + 145910. Is h composite?
False
Let n(j) = 6*j**2 + 13*j. Let l be (3/(-3))/(-4) + 21/(-4). Is n(l) prime?
False
Let b(q) = -q**3 + 6*q**2 - 83*q + 403. Let d be b(5). Let g(h) = -13*h - 33 + h**2 + 4*h**2 + 4. Is g(d) prime?
True
Suppose -22*t = 6*t - 196. Is (-131920)/(-24) - (21/(-9))/t composite?
True
Suppose 5*i + 3*k - 739598 = 0, -214316 = 3*i + 3*k - 658070. Is i a prime number?
False
Let f(v) = 10*v - 42. Let a be f(5). Is 15/120 + 6903/a a prime number?
True
Let n(b) = -3*b + 20. Let u = 9 - 3. Let i be n(u). Is 2/(-11) + i + (-1275)/(-55) a composite number?
True
Suppose 3*i = -4 - 8. Let l be 0*((-6)/i + -1). Suppose l = 3*c - 1952 + 83. Is c prime?
False
Let x(p) = 370*p**2 - 439*p - 25. Is x(-12) composite?
True
Suppose -6*o = -3*o + 4*f + 1499, 20 = -4*f. Let r = o + 994. Is r a composite number?
True
Suppose -4*v - 20 = 0, -2*c = -7*c - 3*v + 40. Let y = 509 + -390. Suppose y = c*z - 10*z. Is z prime?
False
Let q = 171 + -175. Let p(n) = -647*n - 9. Is p(q) composite?
False
Let l be 4/8 - 5/2. Let m(j) = -j**3 + j**2 + 3*j. Let z be m(l). Is 1519/z + 6/(-36) composite?
True
Let l = -3059 + 22648. Suppose -4*d + 2*p = -p - 78400, 2*p - l = -d. Is d composite?
False
Suppose 4850 = 29*j - 24*j. Suppose -20 = 5*u, -6*z + 7*z - j = -u. Is z composite?
True
Let w = 13975 + 65604. Is w a prime number?
True
Suppose -3*i + 1443 + 2088 = 0. Suppose -3*o = 2*g - 3551, g - i = -o - g. Let j = -420 + o. Is j composite?
True
Suppose -3*l = -o - 32, 5*o = -0*l + 4*l - 50. Suppose 0 = -2*s + l, 2*s - 158 = -5*f + 32. Is (-3)/(f/7132)*-3 a prime number?
True
Let z = 1816 + 1036. Suppose 7*v + z = -662. Let c = 924 + v. Is c prime?
False
Let o be (-1)/(-4)*(5 - 1) + -15. Let g be 69*5/(1 - o). Suppose -g*d - 4955 = -28*d. Is d a prime number?
True
Let u(k) = 91*k - 11. Let n be u(-11). Let i = n - -1685. Is i composite?
False
Let s be 2/12 + 25973/6. Suppose s - 12859 = -2*w. Suppose 0 = -2*d + w - 735. Is d a composite number?
True
Let s = -679 + 682. Suppose -12 - 3 = -5*q. Suppose 3050 = 5*n + q*t, n = -s*n - 3*t + 2437. Is n composite?
False
Let x be ((-3)/6 - (-1)/2) + 13. Suppose -x = 39*h - 40*h. Suppose -343 - 255 = -h*k. Is k a composite number?
True
Let m(n) = 7*n + 7. Let z be m(-1). Suppose z = -17*a + 13*a - 972. Let o = a - -446. Is o a composite number?
True
Let m(c) = 78*c + 227. Let v(g) = g**2 - 2*